+ 44 = 0, -4 = -b. Calculate the greatest common divisor of p and s.
6
Let u(p) = 25*p**2 - 2*p - 2. Let l be u(-1). Calculate the greatest common divisor of l and 25.
25
Let t(q) = q**2 + 3*q + 5. Let f be t(-4). Let s be 2/9 - 2/f. Suppose -5*y - 34 + 129 = s. What is the greatest common factor of y and 171?
19
Let d(c) = c**2 - 11*c + 18. Let w be d(13). Calculate the highest common factor of w and 22.
22
Suppose 4*g - 18 = -2*c, 3*g + 2*c - 5 - 11 = 0. Suppose o - 5*n - 90 = 0, -o = -g*n - 76 - 26. What is the greatest common divisor of 10 and o?
10
Let y(a) = 16*a**2. Let i be y(-2). Let f = -41 - -57. What is the greatest common factor of i and f?
16
Let x(a) = -7*a + 15. Let g be x(-11). What is the highest common factor of g and 23?
23
Suppose -4*o + 82 = -26. Let n = o - 15. What is the greatest common divisor of n and 3?
3
Let w(z) = 714*z. Let g be w(1). Suppose -o - 2*j + 166 = 0, -4*o + 2*j = -0*o - g. Calculate the highest common divisor of 16 and o.
16
Let n be (1 - 3)*-1*2. Let a = -61 - -81. What is the greatest common divisor of a and n?
4
Suppose 4*q + 4 = -0. Let h be 17 - (-1 + (0 - q)). Calculate the greatest common divisor of h and 51.
17
Let g = -437 - -461. Suppose 5*l = 4*w + 72, -5*w = -4*l - 0*w + 54. What is the highest common divisor of l and g?
8
Suppose 0 = 19*n - 14*n. Suppose 19 + 41 = 5*y. Suppose g = -n*g + y. Calculate the greatest common divisor of g and 3.
3
Suppose 2*t - 6*t = r + 23, 5*r + t = -77. Let w = 66 - r. What is the greatest common divisor of 9 and w?
9
Suppose 2*c + 1 - 13 = 0. Calculate the greatest common factor of c and 42.
6
Let a(p) = 11*p**2 - 3*p + 5. Let t be a(3). Suppose -2*s + 4*s - 76 = 0. Calculate the greatest common factor of s and t.
19
Let h = 8 + -6. What is the highest common factor of h and 38?
2
Let w be (-165)/10*(0 - 2). Calculate the greatest common divisor of w and 22.
11
Let c be (-25)/15 + 2/(-6). Let v be 96/c*4/(-8). Let f(h) = 5*h**2 - 4*h + 3. Let x be f(3). Calculate the greatest common factor of x and v.
12
Suppose -i - i = t + 42, 3*t - 4*i + 146 = 0. Let h = 6 - t. Calculate the greatest common divisor of h and 13.
13
Let l be 99/44*(-48)/(-2). Suppose 7*z = -4*t + 5*z + l, 21 = t + 2*z. Calculate the greatest common factor of t and 77.
11
Let t be (750/36)/5 + 1/(-6). Calculate the greatest common divisor of 32 and t.
4
Suppose g + 40 = 5*d + 6*g, 3*d + 2*g = 20. Let t = 11 - d. What is the greatest common divisor of t and 63?
7
Let o = 27 - 7. Calculate the highest common factor of o and 5.
5
Suppose 4*s + 771 = 5*l, -624 = 8*l - 12*l - 4*s. What is the highest common factor of 62 and l?
31
Let y be (18/(-4))/(6/(-8)). What is the greatest common factor of y and 6?
6
Let t = -157 - -159. Let i(k) = k**3 + 2*k**2 - 5*k - 2. Let b be i(-3). What is the highest common divisor of b and t?
2
Suppose 0 = -3*r + 36 + 6. What is the highest common factor of 2 and r?
2
Suppose 5*r - i = 30, 1 = 3*r - i - 17. Calculate the greatest common divisor of 2 and r.
2
Let t = 257 - 233. Suppose -3*f = 2*f - 600. Calculate the greatest common factor of f and t.
24
Let v(m) = -m**3 - m**2 - 2*m - 1. Let s be v(-2). Suppose -85 = -s*q + 2*q. What is the highest common factor of q and 187?
17
Let l(y) be the second derivative of y**5/20 - 7*y**4/12 + y**3/3 - y**2 + y. Let j be l(7). Calculate the highest common divisor of j and 132.
12
Let w(b) = b - 4. Let j be w(8). Let a = -6 + j. Let n be (-128)/(-6) - a/3. What is the highest common divisor of n and 11?
11
Let r = -11 - -34. Let n be 189/3 + -6 + 2. Suppose n - r = q. What is the greatest common divisor of q and 4?
4
Suppose -t + 0*t = -3. Suppose 2*q + 66 = 2*r, 4*r - 2*q = t*q + 132. What is the greatest common divisor of r and 22?
11
Let d(m) = m**3 + 5*m**2 + 5*m. Let v be d(-4). Let k be v - (2 + 1*-2). Let u be 3/(-2)*5*k. Calculate the highest common factor of 15 and u.
15
Let p(q) = -q**2 + 14*q + 21. Let x be p(14). Suppose -l + f = -2, 2*l - 2*f + 1 = l. Suppose y - l = 2. Calculate the highest common factor of x and y.
7
Let c(t) = 2*t - 1. Let y be c(3). Suppose y*x - 175 = -0*n + 5*n, 4*x + 3*n - 105 = 0. What is the highest common factor of x and 45?
15
Let g(u) = 5*u - 2. Let d be g(3). Let x = d + -8. Let a be (-2)/(-5) - (-13)/x. What is the greatest common factor of a and 3?
3
Let k(h) = h - 7. Suppose -5*m + 18 = l - 17, -5*m = 3*l - 25. Let p be k(m). Calculate the greatest common divisor of 6 and p.
1
Let b = -117 + 198. Calculate the greatest common divisor of 9 and b.
9
Let r be (4 - 1)/(1/3). Suppose -b + 2*h + 1 + r = 0, 4*b - 14 = -5*h. What is the greatest common divisor of b and 30?
6
Let v be 1760/14 + (-8)/(-28). What is the highest common factor of v and 42?
42
Let i be -1 + (-2 - -27) - -1. Let g(x) = -x**3 - 2*x**2 + 75. Let b be g(0). Calculate the highest common factor of b and i.
25
Let g = 10 - 0. Calculate the highest common divisor of 30 and g.
10
Suppose -3 = -u + 2. Suppose -3*t - 2 = -u. Let q be 975/18 + t/(-6). What is the greatest common factor of q and 36?
18
Suppose -5*p = k - 73, -k - 39 = -0*p - 3*p. What is the greatest common divisor of p and 7?
7
Let f(m) be the first derivative of -m**4/4 + 2*m**3 - m**2/2 - 5*m + 1. Suppose p + 5 = 2*p. Let d be f(p). What is the greatest common factor of 45 and d?
15
Suppose -4*s - 7 = 9. Let l be s/(-6)*33/2. Calculate the highest common divisor of 11 and l.
11
Suppose 0 = -4*r + 128 + 356. Let p be 1 + (-1)/1 + r. Let o = p + -17. What is the greatest common factor of 13 and o?
13
Suppose -3*s = -5*y + 123 - 19, 0 = 2*y + 4*s - 26. Suppose 215 = 4*c - 469. What is the greatest common divisor of y and c?
19
Let p(r) = 1 + 39*r - 2 - 16*r. Let z = 2 - 1. Let f be p(z). What is the highest common divisor of f and 2?
2
Suppose -5*i + s - 15 = -45, 2*s + 4 = 2*i. What is the highest common factor of 56 and i?
7
Let l = -25 + 5. Let p be (-12)/l + (-12)/(-5). What is the greatest common factor of 15 and p?
3
Suppose n + 2*i - 9 = 0, -3*i - 4 = n - 2*n. Suppose -3*j - 16 = -n*j. Calculate the greatest common factor of 1 and j.
1
Suppose -5*h - 130 = -10*h + 4*l, 4*h - 104 = -5*l. Calculate the highest common factor of h and 13.
13
Let i be (3 - 2) + -3 + -4. Let l = 7 - i. What is the greatest common divisor of 13 and l?
13
Suppose -159 = -4*g + 1. What is the highest common factor of 8 and g?
8
Suppose 2*k = 65 + 23. Suppose -r - x = -10, -5*r + k = 3*x - x. Let z be 3 + -1 + (1 - -1). Calculate the highest common factor of r and z.
4
Let w(o) = o - 4. Let j be w(2). Let p be j*1 - 0 - -12. Calculate the highest common factor of 25 and p.
5
Let h = 31 + -18. Calculate the highest common factor of 26 and h.
13
Let f(w) be the first derivative of 16*w**3/3 + w**2 + 4. Let c be f(-2). Let m = 145 - c. What is the greatest common factor of 34 and m?
17
Suppose 5*x - 5*m = 35, -32 = -5*x + 2*m - 3. Let p = 14 - 9. Suppose p*r = -0*r - n + 80, -2*r - 2*n + 40 = 0. What is the greatest common divisor of r and x?
5
Suppose 5*l - 4*d - 4896 = 0, -l + 984 = -0*d + 4*d. Suppose 0 = -3*v - 4*v + l. Calculate the highest common divisor of 20 and v.
20
Suppose 2*g + 10 = -4*d, -3*g - 2*g - 5 = 0. Let o = 2 + d. Let p be 4 + 15 - o/1. What is the highest common factor of 19 and p?
19
Let o be 21/2*4/3. What is the greatest common divisor of 98 and o?
14
Let n(a) = 8*a - 5. Let l be n(5). Suppose h + 0 - 5 = 0, -4*o = h - 985. Calculate the highest common divisor of o and l.
35
Let b = 4 - 2. Suppose b = 3*g - 19. Suppose 0 = -f - 3*f + 4. Calculate the greatest common divisor of g and f.
1
Let a be ((-14)/21)/(2/(-6)). Suppose 5*x = -n + 9, 2*n - 21 = -a*x + 21. Calculate the highest common factor of 60 and n.
12
Suppose -6*w + 3*w = 2*y - 2, -3*w = 3*y. Let h be 5/(-10) - (-3)/w. Calculate the greatest common divisor of 2 and h.
1
Suppose 15 = 4*t - 13. Suppose -t*p = -2*p - 100. Calculate the greatest common factor of p and 30.
10
Let x = 0 - -4. Let o(t) = t**2 - 2*t - 1. Let c be o(x). Calculate the highest common factor of c and 35.
7
Suppose 3*i = 4*m - 83, -5*m - 5*i = -0*m - 60. What is the greatest common divisor of 136 and m?
17
Let p(x) = 2*x + 2. Let u be p(12). Suppose -d + 10 = -3. What is the highest common factor of d and u?
13
Supp